 = 31*d - 2 + 0 + 1 + 59*d. Let q = 112 + -111. Is o(q) a prime number?
True
Let v = -67 + -3. Let f be 28/v + (-1134)/(-10). Suppose -f*y = -114*y + 1523. Is y a composite number?
False
Suppose 4*w - 5*g - 1293501 = 0, 176*w - 177*w + 2*g + 323379 = 0. Is w composite?
False
Let q = 101838 + 222919. Is q prime?
True
Suppose 57527 = -4*p + 3*y, -y + 57539 = -4*p - 2*y. Let o = p - -30639. Is o composite?
True
Let p be (4/(-6))/((-2)/15). Suppose -3*l - 2*l + 4648 = 4*o, 0 = p*o - 2*l - 5843. Is o a composite number?
True
Let t be (1 - 0/6) + 8595. Suppose -25*o = -32771 + t. Is o prime?
True
Let y = -165 + 396. Let j be (2 + -1)/(-2 - (-843)/420). Let f = y - j. Is f a prime number?
False
Suppose -28 = 11*g + 5. Is 1/g + 45332/6 a composite number?
True
Suppose 5*j + 4 = -2*k, -4*k + 4*j = -13 - 7. Suppose k*z = 5*b - 6*b + 11371, -z + 3799 = -4*b. Is z a composite number?
True
Suppose -b + 20 = b + 4*s, 0 = -4*s + 16. Is (4 - -514)*b/4 prime?
False
Suppose 27318339 + 7533378 = 153*n. Is n a prime number?
True
Let l(r) = -8145*r**3 - 19*r**2 - 21*r - 1. Is l(-1) composite?
True
Suppose 0 = 4*q + 5*h - 201, 3*q - 46 = -2*h + 110. Is -4 + q/13 + 12257/13 composite?
True
Suppose 2*l - 4*m - 2154 = 0, 4*m - 8*m - 1067 = -l. Suppose 5*s - 24 - 5 = 2*o, s + 5 = -5*o. Is (5 - l/o)/(1/2) composite?
False
Let w = 114797 - 6210. Is w a composite number?
False
Is 122706/4 - 13/(-18 - 8) a prime number?
True
Let p(f) be the first derivative of f**3/3 + 9*f**2/2 + 12*f + 10. Let b be p(-8). Suppose 1713 - 7741 = -b*n. Is n composite?
True
Let o(h) = 3016*h**3 + 3*h**2 + 17*h - 41. Let y be o(3). Suppose 13*a = -14792 + y. Is a prime?
False
Let s(j) = j**3 + 23*j**2 - 26*j - 42. Let d be s(-24). Suppose -5734 = -d*l + 3278. Is l a composite number?
True
Suppose 3*o + 65 = -5*w, 0*w + 3*w - 57 = 3*o. Let t = 22 + o. Suppose 0 = -6*z + t*z + 24. Is z a prime number?
False
Suppose 45*q = -45*q + 58*q + 3813088. Is q prime?
True
Let i = 23089 - -133558. Is i composite?
True
Suppose -64223 = -13*w - 178857. Let a = -3309 - w. Is a composite?
True
Let t(z) = 6 - 234*z - 157*z - 94*z. Let c be t(-3). Let x = c - 142. Is x a prime number?
True
Suppose -5*h + 2180745 = -g - 1198458, -5*h = -3*g - 3379219. Is h a prime number?
True
Let k = 570178 - 42045. Is k prime?
False
Suppose 0 = -3*h - 5*j - 28, 5*h = 4*h - 3*j - 8. Is 14/(-77) - (-2 + 20957/h) a prime number?
True
Let i = -17527 + 43818. Is i composite?
True
Let b be (-2)/6*(1 + 46134/9). Is b/3*(-8 - -5) a composite number?
False
Is (32 - 35)*790052/(-12) a prime number?
False
Let d = -25 - -35. Let m be 5 + 2/(d/85). Suppose -28*z = -m*z - 11658. Is z a composite number?
True
Let f = 2165 + -7897. Let u = 10563 + f. Is u prime?
True
Let y = -11 - -12. Let r be -1 - -7 - (-3)/(y + -2). Suppose r*t + 4*x - 2865 = x, 0 = -3*x. Is t a prime number?
False
Let r(v) = 21*v + 17. Let i(q) = -q**3 + 6*q - 3. Let d be i(-3). Suppose -29 = -d*h + 43. Is r(h) prime?
True
Is ((-9 - -10) + 0 + 0)/(1/116069) prime?
False
Suppose 5*b + 3055 = 2*s, 9*b = 3*s + 4*b - 4585. Suppose -s = 7*n - 12*n - 5*p, 0 = -5*p - 15. Is n prime?
False
Suppose h + 153486 = -8*h. Let x = h + 31455. Is x prime?
True
Let j be (-5636 - 0)*1 + -1. Let y = -1384 - j. Is y composite?
False
Let m be (-6 + 30/4)*-636. Is (m/9)/(8/(-172)) composite?
True
Let q(y) = 3128*y**3 + 13*y**2 + 3*y - 9. Is q(5) a composite number?
False
Let g(z) = 21607*z**2 + 56*z - 164. Is g(5) composite?
True
Let d be (-5756)/6*(3 + 0). Suppose 5*k - 497*g + 499*g = 34, 4*k + 4*g - 8 = 0. Is d/(-8)*(14 - k) a prime number?
True
Let o = -505 + 510. Suppose 0 = -o*g + 19685 + 2420. Is g a prime number?
True
Let v(w) = 1309*w**2 - 87*w - 609. Is v(-6) composite?
True
Let a(d) = -4*d**3 - d**2 + 2*d + 1. Let o be a(-2). Suppose -2*x - 2*q - 16 = -7*q, 2*q - 8 = 0. Is (x - o/10)*-758 a composite number?
False
Let n = -346 + 351. Suppose -4*j - 8570 + 2273 = -3*w, -n*w + 10495 = 5*j. Is w a prime number?
True
Let s(v) be the third derivative of 581*v**5/60 + v**4/8 + 13*v**3/6 - 10*v**2. Let z be s(6). Is 1/(-6) + z/6 a prime number?
True
Is -2*((-351802)/(-12))/(15/(-45)) a composite number?
True
Let o(n) = -42007*n**3 - 35*n**2 - 91*n - 8. Is o(-3) a composite number?
True
Let k = 1028 + -1865. Suppose -12*i = -11*i - 326. Let s = i - k. Is s composite?
False
Let v(o) = 291*o - 83. Let n be v(22). Let p = n - 3986. Is p a composite number?
False
Suppose 0*z + 22 = 5*y + 3*z, -3*z + 18 = 3*y. Is y/8*(2925 - (-28)/4) a composite number?
False
Suppose -84*b + 1183438 = -50*b. Is b composite?
False
Suppose 3*a - 38751 = 5*y + 73076, 2*a - 2*y = 74554. Is a prime?
False
Suppose -15*r - 1051 = 3719. Let g = -259 - r. Is g composite?
False
Suppose -j = -15*z + 13*z - 60327, 9*z - 301540 = -5*j. Is j composite?
False
Let w be 1830/50 + 6/(-10). Let d = w - 27. Suppose -d*h = 4*h - 28639. Is h a prime number?
True
Suppose -50*w = 5*f - 48*w - 99727, 0 = 4*f - 3*w - 79777. Is f a composite number?
True
Is 36/(-24)*(-2886620)/30 composite?
True
Let i(f) = 6585*f**2 + 50*f - 306. Is i(5) a composite number?
False
Suppose 4*a - 6040 = -376. Suppose 81*i = -23*i + 73112. Let z = a - i. Is z prime?
False
Suppose 96 = -910*d + 926*d. Let o(a) = 4*a - 9*a**2 + 4*a - 2*a - 5 + 9*a**3. Is o(d) a prime number?
False
Let b = -20 + 24. Let c(k) = -20*k**3 - 6*k - 3. Let g be c(b). Is 1 + 1 - (g + -10) a composite number?
False
Let z = 127191 - 53068. Is z prime?
False
Let b = 5393 - 5385. Let x = -26183 - -47411. Suppose b*h - x = -676. Is h composite?
True
Let z(v) = 56714*v - 6837. Is z(5) a composite number?
True
Let g be ((-35)/1)/(-7) + 7. Suppose x - 2771 = -3*w, 2*x + g*w - 8*w - 5546 = 0. Is x a composite number?
False
Let o(v) = v**3 + 21*v**2 + 18*v - 7. Let x = -38 - -34. Let y be -19*x*1/(-4). Is o(y) a composite number?
False
Let s be 0 - 120/25*5. Is 8455 + 1/(-1) + 29 + s composite?
True
Is 2/1*(-1018)/(-12)*(20 + 1) prime?
False
Is ((-4)/(-104)*-13)/((-1)/568570) prime?
False
Suppose 0 = 3*r + 1181 + 1153. Let b be 12 + (-5573)/(-2) - 3/2. Let p = b + r. Is p a prime number?
False
Suppose 40*y - 16*y = 29*y - 59305. Is y a prime number?
False
Let i(r) = -23 + 10*r + 13 + 13. Is i(2) a composite number?
False
Suppose -2*r + j - 75885 + 312887 = 0, r + 4*j = 118501. Is r prime?
False
Let m(u) = -43261*u + 3244. Is m(-13) a prime number?
True
Suppose c - 3*r = 54799, -2*c - 3*r = -510 - 109124. Is c composite?
True
Let g(s) be the second derivative of 5*s**3/6 - 17*s**2/2 + 35*s. Let b be g(4). Suppose 0 = 6*w + b*w - 5139. Is w a prime number?
True
Let g = -102 - -64. Let f be 4/g + 1364/(-38). Is (1 + f/8)/(1/(-134)) a composite number?
True
Suppose -56*p = -23466780 - 1900940. Is p a composite number?
True
Suppose 0*k = -5*y - 2*k + 100247, 4*k = 4*y - 80192. Is (50/75)/(2/y) composite?
True
Suppose -3*m + 2*q = -11389 - 4128, -4*m = -3*q - 20690. Is m prime?
True
Suppose 21*b + 3*x - 3255557 = 17*b, -3*b - 7*x = -2441644. Is b prime?
True
Let a(m) = -m**3 - 5*m**3 + 7*m**3 - 6*m - 12*m**2 - 31 + 18*m. Is a(18) a composite number?
False
Let z = 189627 - 55594. Is z a composite number?
False
Let r(z) = -z**2 - 14*z - 442*z**3 - 6*z**2 - 12 + 272*z**3. Is r(-5) composite?
True
Let t(m) be the third derivative of -19*m**4/8 + 5*m**3/6 + 176*m**2. Is t(-22) a composite number?
False
Suppose -250660 - 80120 = -10*k. Suppose -13*p + k = -44987. Is p composite?
True
Let y = 31530 - -30743. Is y a composite number?
False
Is 201063*(15 + 308/(-21)) a prime number?
True
Suppose 3*m + 12 = 6*m. Suppose -22660 = -2*z - 2*d, -z + m*d + 12520 = 1165. Is z composite?
True
Let l = 15 - 19. Is 84038/12 + l/(25 - 1) composite?
True
Let d be (2 + (-5)/3)*0. Suppose n - 3*k + 10 - 2 = d, 3*n + 19 = 4*k. Is 1847*(-1)/n*5 a composite number?
False
Suppose 19*j = -69*j + 910712. Is j a prime number?
False
Suppose 3*d - 6370292 - 353662 = -15*d. Is d a composite number?
False
Let a(u) be the second derivative of 43*u**3/3 - 61*u**2/2 + 89*u. Is a(7) prime?
True
Let z = 1490 - 923. Let c = 656 - z. Is c a prime number?
True
Let c be 5 - (-1)/(2/(-4)). Suppose -c*b + 8442 = 3*b. Suppose -2*q = 2*q + w - 1876, 3*q + 4*w = b. Is q composite?
True
Suppose 5*a + 1 + 23 = 4*r, -4*r - a + 24 = 0. Suppose 0 = -p